= x - n. List the prime factors of v.
2, 3
List the prime factors of 1814 - 10*(-2)/5.
2, 3, 101
Let r(d) = -29*d**3 - 2*d**2 + 1. What are the prime factors of r(-1)?
2, 7
Suppose 0*g - 3*c + 125 = 2*g, 5*g - 326 = -3*c. Let s = -866 + 850. Let u = g + s. What are the prime factors of u?
3, 17
Suppose 2*v + 4*k = 540, -86 = -2*v - 2*k + 450. List the prime factors of v.
2, 7, 19
Let o(r) = 771*r**2 + r + 5. List the prime factors of o(2).
11, 281
Suppose -y - y + 2*f = -802, 793 = 2*y - 5*f. Suppose 5*q + 298 = 3*l, l - 5*q - y = -3*l. What are the prime factors of l?
2, 53
Suppose -2*w = -10*w - 40. List the prime factors of 4/(-20)*w + 166.
167
Suppose 2*c = -0*c - 2*f + 6288, 4*c = -f + 12561. List the prime factors of c.
43, 73
Let t(z) = 5*z**2 + 50*z - 6. What are the prime factors of t(-16)?
2, 3, 79
Let f = -52 + 50. List the prime factors of (f + -465 + 5)/(-2).
3, 7, 11
Let s = 682 + -299. List the prime factors of s.
383
Suppose 2*l - 7 = -11. Let g(y) = 24*y**2 + 6*y + 11. List the prime factors of g(l).
5, 19
Let o(p) = p**2 - 4*p + 14. Let v be o(6). Suppose 0 = 3*r - 6*r + 45. Let h = v - r. What are the prime factors of h?
11
Let k = -86 + 482. List the prime factors of k.
2, 3, 11
Let v(z) = 80*z**2 - 2*z - 20*z**3 - 41*z**2 - 41*z**2 - 1. Suppose 4*d + 4 + 0 = 0. What are the prime factors of v(d)?
19
Suppose 1 = -4*y - 3. Let r(c) = -14*c + 6. Let x(s) = -s + 1. Let m(i) = y*r(i) + 8*x(i). What are the prime factors of m(2)?
2, 7
Let p(k) = -k**2 - 13*k + 2065. List the prime factors of p(0).
5, 7, 59
Let a(m) = -4*m**3 + m**2 + 2*m - 2. Let x be a(1). List the prime factors of (x/(-2))/(1 - (-236)/(-240)).
2, 3, 5
Let v be ((1 + -3 + 4)/2)/1. List the prime factors of -430*((-12)/8 + v).
5, 43
Suppose -3*j - 9978 = -9*j. List the prime factors of j.
1663
Let b(i) = 10*i + 444. What are the prime factors of b(0)?
2, 3, 37
Suppose 0 = 3*j - 2*j + 4*a - 2235, -2*a = 3*j - 6755. What are the prime factors of j?
5, 11, 41
Suppose 4*u + 1373 = 4*s + 29, -5*s + 1696 = -u. Suppose s = 5*f + 5*f. What are the prime factors of f?
2, 17
What are the prime factors of (124 - 4) + (-2)/(-4)*-4?
2, 59
Let h(a) = -a**3 + 11*a**2 - 9*a - 4. Let y be h(10). Suppose 438 = y*p - 3*p. List the prime factors of p.
2, 73
Let s(l) = 2*l**2 - 4*l - 1. Let g be s(4). Let f be 6/(-10) - (-279)/g. What are the prime factors of 3/f - 161/(-6)?
3
Let o be (-143 + -1)*23/(-46). Suppose 4*n = 2*x + o, n + 2*x - x - 18 = 0. What are the prime factors of n?
2, 3
Suppose -5*x - 57 = 2*y, -4*y + 4*x = 102 + 54. What are the prime factors of 80 - ((-4)/(-18) + 116/y)?
83
List the prime factors of (-80382)/(-15) + (-294)/(-245).
2, 5, 67
Let h(n) = 2*n - 24. Let v be h(13). Suppose f + v + 3 = 0. List the prime factors of (-4)/f + (-532)/(-10).
2, 3
Let z be 2/(-3) + 2200/60. Let u = z + -35. What are the prime factors of 2/u*93/6?
31
Suppose -v + 987 = 2*v. Suppose v = 5*c - 2*w, -4*w - 268 = -4*c - 0*c. List the prime factors of c.
5, 13
Suppose -2*k + 181 = -175. List the prime factors of k/6 + 20/15.
31
Let f = -27 - -32. Suppose -m + 5*n + 129 = m, -181 = -3*m + f*n. What are the prime factors of m?
2, 13
Let c(t) = 2*t**2 - 3*t - 3. Let d be c(3). Suppose 5*s = -20, -d*v + 4*v = 4*s. What are the prime factors of (9 - v)/(1/8)?
2
Suppose 0*n + 4*n + 3*w - 1 = 0, -5*n - w = -15. Let r be (-4)/16 + (-135)/n. List the prime factors of (-30)/12*r/5.
17
Let o(v) be the third derivative of v**4/24 + v**3/6 + 3*v**2. What are the prime factors of o(5)?
2, 3
Suppose 2*v + 5*q = 33, -6*v = -2*v + q - 57. Suppose 0 = 2*x - 43 + 15. Let w = v + x. What are the prime factors of w?
2, 7
Suppose 2275 + 10166 = 39*f. What are the prime factors of f?
11, 29
Let k(z) = -z**3 + 28*z**2 - 117*z - 17. What are the prime factors of k(22)?
313
Let r = -149 + 453. List the prime factors of r.
2, 19
Let b(i) be the first derivative of 2*i**3/3 + 2*i**2 + 6. Let t be b(3). Let c = -10 + t. List the prime factors of c.
2, 5
Let z be -1*2 + 16 + 9. Let f = 40 - z. Let d = -2 + f. What are the prime factors of d?
3, 5
Suppose 28*d = 30*d + 8. Suppose -34 = 2*o - 4*o. Let r = d + o. List the prime factors of r.
13
Let t = 0 - 2. Let v be (t/5)/((-2)/(-30)). Let l(r) = -r**3 - 7*r**2 - 8*r - 8. What are the prime factors of l(v)?
2
Let p = 27 - 27. Suppose p*y = 4*y + 2*j + 12, -3*j = y + 8. List the prime factors of (-20 + y)/((-2)/5).
5, 11
Let w be ((-4)/(-10))/((-1)/(-5)). Suppose 3*j = -15, 4*x + 0*x - w*j - 218 = 0. Suppose -x = -d - d. List the prime factors of d.
2, 13
Suppose 21 = g + 19. Suppose -l = -g - 25. Suppose l = h - 2*p + 8, 3*h = -4*p + 77. List the prime factors of h.
23
Let i(h) = -27*h - 362. What are the prime factors of i(-16)?
2, 5, 7
Suppose 0 = 4*h - 187 - 57. Suppose 0*n - n = -h. What are the prime factors of n?
61
Suppose 9845 = 11*n - 15114. List the prime factors of n.
2269
Let k(t) = 49*t**3 - 5*t**2 + 7*t - 2. Let y be k(2). Suppose 0 = 4*w + 4*j - 303 - 225, 0 = 3*w - j - y. List the prime factors of w.
3, 43
Let u = 43 + -42. List the prime factors of u/5 - (-4044)/30.
3, 5
Suppose w - 15 = -35. Let h = 26 - w. What are the prime factors of h?
2, 23
Suppose -2*s - f = 3*s - 280, 0 = f + 5. Let x = 110 - s. List the prime factors of x.
53
Let h(c) = 2*c**2 + 4*c - 185. Let n(w) = -w**2 - 3*w + 185. Let v(q) = 2*h(q) + 3*n(q). List the prime factors of v(0).
5, 37
Let f = 166 + -66. List the prime factors of f.
2, 5
Let k be (4/6)/(26/156). Suppose 124 = k*q + 12. What are the prime factors of q?
2, 7
Let b be 1/(-2)*(-16)/(-2). Let a be (-2)/5 + (-144)/(-10). What are the prime factors of (-260)/(-28) + b/a?
3
Let m(l) = 7*l**3 - 2*l**2 + 6*l - 8. What are the prime factors of m(4)?
2, 3
What are the prime factors of (-735260)/(-194)*1/2?
5, 379
Suppose 0 = -2*w - 2*x - 4 + 2, 6 = -3*w - 4*x. Suppose 0 = -2*h + 2*c + 43 + 43, -h - w*c = -52. Suppose 0 = 4*z - h - 54. List the prime factors of z.
5
Suppose -a + 978 = q, 23*a = 27*a + 12. List the prime factors of q.
3, 109
Let v(x) = -4*x + 16 + x - x + 2*x. Let k be v(-9). Suppose -4*w = -k - 254. What are the prime factors of w?
2, 3
Suppose 5*v - 7960 = -2*x, -4*v = 10*x - 13*x + 11963. What are the prime factors of x?
5, 797
Let u(h) = 5*h - 20. Let y be u(4). Suppose y = 2*r + 4*r - 180. What are the prime factors of r?
2, 3, 5
Let z(j) = j**3 + 5*j**2 + 4*j - 1. Let m be z(-3). Let w = 6 - m. Let g(t) = 28*t + 1. List the prime factors of g(w).
29
List the prime factors of (-24)/(-6) - (2 + 48)/(-2).
29
Suppose -2*u + 0*u - 14 = 0. Let n(x) be the third derivative of -x**6/120 - 2*x**5/15 - x**4/3 - 43*x**2. What are the prime factors of n(u)?
7
Let j(x) = -12*x - 1 + 8*x**2 + 2*x**2 - 1. List the prime factors of j(5).
2, 47
Suppose -3*u - 3247 = -4*k, 0 = 4*k + 4*u + 1752 - 5020. List the prime factors of k.
2, 11, 37
Suppose -3*r + 6453 = 2*x, -2652 = -3*x + 5*r + 6999. List the prime factors of x.
2, 3, 179
Let i = 47 + -38. List the prime factors of 87/(-18)*-4 - (-6)/i.
2, 5
Let h = -16 - -19. Let p(a) = -a + 3. Let m be p(h). Suppose m = b + 5, -j = 4*j - 2*b - 200. List the prime factors of j.
2, 19
List the prime factors of (-7035)/(-28) + (1 - (-20)/(-16)).
251
Suppose -5*m + 152 = 1132. Let o = m - -387. What are the prime factors of o?
191
Let k be 3*(-5)/(-30)*-50. Let t = k + 134. What are the prime factors of t?
109
Let y(r) = 6*r + 21. What are the prime factors of y(6)?
3, 19
Let a(x) = x**3 + 15*x**2 - 18. Let q be ((-168)/(-36))/((-1)/3). Let r be a(q). Suppose -4*j + 223 = 5*w, -4*w - 2*j = j - r. What are the prime factors of w?
43
List the prime factors of (3/6)/(3/7002).
3, 389
Let x = 113 + -58. Suppose 4*s + 5*i = 5*s - x, 15 = -3*i. List the prime factors of s.
2, 3, 5
Suppose 3*o = -4*c - 91, -5*o + 2*c = -0*o + 169. Let v = o - -37. What are the prime factors of v?
2
Suppose -5*p - 5 = 4*w, 4*p = -5*w + 8 - 3. Suppose -183 = b + 3*m, 2*m - w*m = 4*b + 696. List the prime factors of (b/6)/(4/(-8)).
3, 19
Suppose -2*j + 14 = -u + 77, 3*j + 183 = 3*u. Suppose 0 = -4*y + u + 165. What are the prime factors of y?
2, 7
Suppose 0*g - 4*g + 3*c = -63, -5*c - 35 = -2*g. Suppose -g*y - 220 = -20*y. What are the prime factors of y?
2, 11
Let d be 8/(-36) - 140/18. Let m =